hen w is divided by d?
13
Let d = -763 - -820. Calculate the remainder when 102 is divided by d.
45
Let a be (-570)/14 - 6/21 - -2. Let j = -15 - a. Calculate the remainder when j is divided by (-4)/(-5)*70/4.
10
Let i(q) = 2*q**2 - 20*q - 33. What is the remainder when 115 is divided by i(12)?
10
Let r(k) = 5*k**3 + 3*k**2 - 1. Calculate the remainder when 507 is divided by r(2).
48
Let w be ((-1836)/24)/((-3)/8). Suppose 6*o + 0*o = w. What is the remainder when 99 is divided by o?
31
Let c = -6 - -71. Calculate the remainder when (c/(-20))/((-2)/72) is divided by 10.
7
Suppose 4*h - 23 = 3*r, h + r - 2*r = 7. What is the remainder when 4 is divided by h?
0
Suppose 59*u - 54*u + f - 25 = 0, 0 = 4*f. Calculate the remainder when 53 is divided by u.
3
Let p = 259 + -142. Calculate the remainder when p is divided by 64.
53
Let f be 3 + 3 + -6 + 4. Suppose -3*v - f*v = -161. What is the remainder when v is divided by 5?
3
Suppose 17 = -f + 2*f. Suppose a = -5*a + 18. Suppose 4*w - 103 = 5*t, 2*t = -5*w + a*t + 155. What is the remainder when w is divided by f?
15
Let p(i) = -11*i**2 + 3*i + 12. Let n be p(-9). What is the remainder when 5/(-35) + n/(-21) is divided by 15?
13
Suppose 13*k - 1689 = 10*k. Suppose -k = -3*s - j, -2*s - 2*s = -4*j - 740. What is the remainder when s is divided by 38?
35
Let j = 15 + -1. Let i(n) be the second derivative of -7*n**3/6 + 5*n**2/2 - 6*n. What is the remainder when i(-7) is divided by j?
12
Suppose -2*k = 5*j - 1370, 3*k = -0*j - 4*j + 1089. Suppose 7*i = 3*i + j. Suppose 0 = 5*u - 34 - 146. Calculate the remainder when i is divided by u.
33
Let r(a) = 11*a + 295. What is the remainder when 132 is divided by r(-25)?
12
Suppose -412*h + 419*h - 294 = 0. What is the remainder when h is divided by 12?
6
Let l = 0 - -16. Suppose 6*r - 8*r = -126. Calculate the remainder when r is divided by l.
15
Let a be 4/10 - 340/(-25). Suppose 5*v = 64 - a. Calculate the remainder when 16 is divided by v.
6
Suppose -3*b = -4*b + 54. Let j(w) = 9*w**3 + 2*w - 1. What is the remainder when -2 - (b/(-3) - 1) is divided by j(1)?
7
Suppose 1209 = -105*n + 118*n. What is the remainder when 232 is divided by n?
46
Let m be (2 + 1)*(-6)/(-9). Suppose 4*w - 6*u + 2*u = 120, m*w + 2*u = 40. Calculate the remainder when 47 is divided by w.
22
Let d be 18/(3/(-3) - 1). Calculate the remainder when 59 is divided by (12/9)/(d/(-135)).
19
Let n(t) = 4*t**2 - 2*t**2 - 2*t - 19 + 35. What is the remainder when 93 is divided by n(0)?
13
Let n = -14 - -62. What is the remainder when 104 is divided by n?
8
Suppose -566 + 41 = -7*r. What is the remainder when r is divided by 9?
3
Let d(k) = k**3 - 6*k**2 - 7*k + 3. Let y be d(7). Suppose 4*i + 359 = y*o, -9 - 16 = 5*i. Calculate the remainder when o is divided by 38.
37
Let c(k) = -3*k + 23. Let y = -11 + 4. Let m = 25 - y. Calculate the remainder when m is divided by c(4).
10
Suppose 9 = 5*i - 6. Suppose -2*m - i*y = -8*y - 22, -m + y + 8 = 0. Calculate the remainder when 2/m - (-580)/6 is divided by 25.
22
Suppose -2*l + i + 184 = 0, 0 = -4*i + 4 + 4. Calculate the remainder when l is divided by 6.
3
Suppose 6 = -0*j - 2*j. What is the remainder when 1*102*(-2)/12*j is divided by 18?
15
Calculate the remainder when (-6)/(-5)*(-475)/(-10) is divided by 29.
28
Let w be (-8)/(-48) - (-5)/6. Suppose c - w - 6 = g, -3*g = 6. What is the remainder when -4 + (3 - 1) - -10 is divided by c?
3
Suppose -128*s = -130*s + 18. What is the remainder when 80 is divided by s?
8
Let a = 55 + -9. What is the remainder when 689 is divided by a?
45
Let z be ((-1)/(-3)*4)/(14/147). Let o = 21 + z. What is the remainder when o is divided by 18?
17
Suppose -7*j + 9460 - 9222 = 0. Calculate the remainder when 62 is divided by j.
28
Suppose -5747 = -10*g + 7103. Calculate the remainder when g is divided by 13.
11
Suppose 0 = 163*g - 150*g - 169. Calculate the remainder when 15 is divided by g.
2
Let w(m) = -m**3 - 15*m**2 - m - 3. Let s be 0 - (-6)/9*69. Let t = 93 - s. What is the remainder when t is divided by w(-15)?
11
Suppose 14*g + 40 = 18*g. What is the remainder when 53 is divided by g?
3
Suppose 5*v + 0*d = -2*d + 74, -2*v - d + 29 = 0. Let z(m) = -75*m + 2857. What is the remainder when v is divided by z(38)?
2
Calculate the remainder when 204*((-65)/(-10) - 6) is divided by 22.
14
Let v(o) = -6*o**3 + 5*o**2 + 4*o + 4. Let a be v(3). Let d = a - -147. Calculate the remainder when d is divided by 12.
10
Let m(j) = -j + 12. Let w(z) = -z**2 - 4*z - 1. Let n be w(-2). Let c be 28/n + (-3)/9. What is the remainder when 7 is divided by m(c)?
1
Let q = 71 - 68. Suppose 0 = -x + b + 11, -3*x - q*b + 23 = 2*x. Calculate the remainder when 18 is divided by x.
4
Suppose 2*g = 4*g. Let c be 0 - 0 - (g + -2). Suppose c*k + 2*q = 90, 0 = 2*k - 6*k + q + 170. What is the remainder when k is divided by 11?
10
Let c be ((-24)/5)/(3/(-10)). Let l = c - -5. Suppose 2*w - 25 = l. What is the remainder when 43 is divided by w?
20
Let n(r) be the second derivative of -r**4/12 + 25*r**2 - 2*r. Let u be n(0). Suppose -2*l + u + 8 = 0. Calculate the remainder when l is divided by 16.
13
Let k(c) = c**2 - 9*c + 13. Calculate the remainder when 23 is divided by k(0).
10
Suppose -2*k = -0*k + 5*s - 999, -s = 4*k - 1989. What is the remainder when k is divided by 20?
17
Let b = -1477 + 1671. Calculate the remainder when b is divided by 63.
5
Let y(l) = 102*l - 90. What is the remainder when y(5) is divided by 47?
44
Suppose 0 = 4*h + 4*b - 21 - 3, 4*h - 4*b - 56 = 0. Suppose 5*k - h = 0, -2*p + 12 + 28 = -4*k. What is the remainder when 69 is divided by p?
21
Let i(p) = -23*p**2 + 2. Let q be i(-1). Let m = -16 - q. What is the remainder when 9 is divided by m?
4
Suppose -y + t = -28, -142 = -5*y - 0*t + 3*t. Calculate the remainder when 141 is divided by y.
25
Suppose -4*v + 8 = 0, 5*z + 15*v - 110 = 10*v. Calculate the remainder when 37 + (-1 - 0)*-1 is divided by z.
18
Let l(h) = -21*h - 160. Calculate the remainder when 18 is divided by l(-8).
2
Let c = 18 - 7. Let p(f) = f**3 - 4*f**2 + 3. Let l = 21 + -17. What is the remainder when c is divided by p(l)?
2
Suppose 296 = 24*u - 112. What is the remainder when 83 is divided by u?
15
Suppose q = h + 3*h + 190, 3*h - 555 = -3*q. Suppose x - q = -3*v - 39, -v - 421 = -3*x. What is the remainder when x is divided by 48?
45
Let k(v) = -v**3 - v**2 + 11*v. Calculate the remainder when k(-5) is divided by 22 - 0 - (-12 + 10).
21
Suppose t - 5*t = -12. What is the remainder when 7*2*12/24 is divided by t?
1
Let j = -151 + 226. Calculate the remainder when 259 is divided by j.
34
Calculate the remainder when (53 + -26)/((-1)/(-5)) is divided by 60.
15
Suppose -5*d + 18 = -3*d. Let q = d + -5. Suppose q*v - 15 = -m, 0 = -m + v + 27 - 2. What is the remainder when m is divided by 6?
5
Let u(d) = d**3 + 7*d**2 - 14. Let w = -111 - -164. Suppose 2*n = 5*r - 57, w = 3*r + 2*r - 3*n. Calculate the remainder when u(-6) is divided by r.
9
Let q(c) = c**3 - c**2 + 4*c - 6. Let x be (-8)/6 - 26/(-6). What is the remainder when q(x) is divided by 5?
4
Let y be (0 - 1) + ((-630)/(-7))/(-1). Let o = -45 - y. What is the remainder when o is divided by 12?
10
Suppose 2*j = j + 10. What is the remainder when 602/18 - 9/(-27) - (-34)/153 is divided by j?
4
Let l(q) = q**2 - 13*q + 16. Let g be l(11). Let d = g + 68. Suppose 96 = v + 2*v. Calculate the remainder when d is divided by v.
30
What is the remainder when ((-75)/(-125))/(2/340) is divided by 26?
24
Suppose 0 = -h + 2*s - 2 - 5, -4*h + 2 = -2*s. Suppose -2*g = h*d - 3*g - 17, -11 = d + 3*g. What is the remainder when d is divided by 1/((-6)/4 - -2)?
0
Let x(g) = g**3 + 7*g**2 - 8*g + 7. Let m be 14*(-10)/18 + 2/(-9). What is the remainder when 25 is divided by x(m)?
4
Suppose 5*g - 118 - 357 = 0. Suppose -4*j + 68 = a + 2*a, -g = -5*a - 3*j. Suppose a = 3*p + 1. Calculate the remainder when 8 is divided by p.
3
Suppose 9*p = 5*p - 3*b + 314, -3*p + 236 = 2*b. What is the remainder when p is divided by (6/5)/(2/70)?
38
Let m = -86 - -88. Suppose 3*a = -m*h + 376, 5*h - 555 = -5*a + 390. Calculate the remainder when h is divided by 49.
44
What is the remainder when 500*((-195)/(-234))/(10/6) is divided by 131?
119
Suppose 42 = 3*g + 6. Calcula